{"id":9249,"date":"2024-12-09T12:15:06","date_gmt":"2024-12-09T11:15:06","guid":{"rendered":"https:\/\/carilloncapital.net\/?page_id=9249"},"modified":"2025-04-13T15:38:29","modified_gmt":"2025-04-13T13:38:29","slug":"developpements","status":"publish","type":"page","link":"https:\/\/carilloncapital.net\/index.php\/developpements\/","title":{"rendered":"D\u00e9veloppements"},"content":{"rendered":"\t\t<div data-elementor-type=\"wp-page\" data-elementor-id=\"9249\" class=\"elementor elementor-9249\" data-elementor-post-type=\"page\">\n\t\t\t\t<div class=\"elementor-element elementor-element-2592a05 e-flex e-con-boxed e-con e-parent\" data-id=\"2592a05\" data-element_type=\"container\">\n\t\t\t\t\t<div class=\"e-con-inner\">\n\t\t\t\t<div class=\"elementor-element elementor-element-b062e85 elementor-widget elementor-widget-heading\" data-id=\"b062e85\" data-element_type=\"widget\" data-widget_type=\"heading.default\">\n\t\t\t\t<div class=\"elementor-widget-container\">\n\t\t\t\t\t<h2 class=\"elementor-heading-title elementor-size-default\">Nos D\u00e9veloppements<\/h2>\t\t\t\t<\/div>\n\t\t\t\t<\/div>\n\t\t\t\t\t<\/div>\n\t\t\t\t<\/div>\n\t\t<div class=\"elementor-element elementor-element-0d893a7 e-flex e-con-boxed e-con e-parent\" data-id=\"0d893a7\" data-element_type=\"container\">\n\t\t\t\t\t<div class=\"e-con-inner\">\n\t\t\t\t<div class=\"elementor-element elementor-element-49ed4b2 elementor-widget-divider--view-line elementor-widget elementor-widget-divider\" data-id=\"49ed4b2\" data-element_type=\"widget\" data-widget_type=\"divider.default\">\n\t\t\t\t<div class=\"elementor-widget-container\">\n\t\t\t\t\t\t\t<div class=\"elementor-divider\">\n\t\t\t<span class=\"elementor-divider-separator\">\n\t\t\t\t\t\t<\/span>\n\t\t<\/div>\n\t\t\t\t\t\t<\/div>\n\t\t\t\t<\/div>\n\t\t\t\t\t<\/div>\n\t\t\t\t<\/div>\n\t\t<div class=\"elementor-element elementor-element-579af72 e-flex e-con-boxed e-con e-parent\" data-id=\"579af72\" data-element_type=\"container\" data-settings=\"{&quot;background_background&quot;:&quot;classic&quot;}\">\n\t\t\t\t\t<div class=\"e-con-inner\">\n\t\t\t\t<div class=\"elementor-element elementor-element-7e9ddb3 elementor-widget elementor-widget-text-editor\" data-id=\"7e9ddb3\" data-element_type=\"widget\" data-widget_type=\"text-editor.default\">\n\t\t\t\t<div class=\"elementor-widget-container\">\n\t\t\t\t\t\t\t\t\t<p>D\u00e9couvrez nos projets de d\u00e9veloppement de villas et chalets d\u2019exception, alliant luxe, design et innovation.<\/p>\t\t\t\t\t\t\t\t<\/div>\n\t\t\t\t<\/div>\n\t\t\t\t\t<\/div>\n\t\t\t\t<\/div>\n\t\t<div class=\"elementor-element elementor-element-6462177 e-flex e-con-boxed e-con e-parent\" data-id=\"6462177\" data-element_type=\"container\">\n\t\t\t\t\t<div class=\"e-con-inner\">\n\t\t\t\t<div class=\"elementor-element elementor-element-f0fda03 elementor-widget-divider--view-line elementor-widget elementor-widget-divider\" data-id=\"f0fda03\" data-element_type=\"widget\" data-widget_type=\"divider.default\">\n\t\t\t\t<div class=\"elementor-widget-container\">\n\t\t\t\t\t\t\t<div class=\"elementor-divider\">\n\t\t\t<span class=\"elementor-divider-separator\">\n\t\t\t\t\t\t<\/span>\n\t\t<\/div>\n\t\t\t\t\t\t<\/div>\n\t\t\t\t<\/div>\n\t\t\t\t\t<\/div>\n\t\t\t\t<\/div>\n\t\t<div class=\"elementor-element elementor-element-1986100 e-flex e-con-boxed e-con e-parent\" data-id=\"1986100\" data-element_type=\"container\">\n\t\t\t\t\t<div class=\"e-con-inner\">\n\t\t<div class=\"elementor-element elementor-element-f65724e e-con-full e-flex e-con e-child\" data-id=\"f65724e\" data-element_type=\"container\">\n\t\t<div class=\"elementor-element elementor-element-e1036a2 e-con-full e-flex e-con e-child\" data-id=\"e1036a2\" data-element_type=\"container\">\n\t\t\t\t<div class=\"elementor-element elementor-element-408881d elementor-widget elementor-widget-heading\" data-id=\"408881d\" data-element_type=\"widget\" data-widget_type=\"heading.default\">\n\t\t\t\t<div class=\"elementor-widget-container\">\n\t\t\t\t\t<h2 class=\"elementor-heading-title elementor-size-default\"><a href=\"https:\/\/carilloncapital.net\/index.php\/projets\/\">Chalet Meg\u00e8ve<\/a><\/h2>\t\t\t\t<\/div>\n\t\t\t\t<\/div>\n\t\t\t\t<\/div>\n\t\t<div class=\"elementor-element elementor-element-36d595f e-con-full e-flex e-con e-child\" data-id=\"36d595f\" data-element_type=\"container\">\n\t\t\t\t<div class=\"elementor-element elementor-element-d94bb20 elementor-widget elementor-widget-text-editor\" data-id=\"d94bb20\" data-element_type=\"widget\" data-widget_type=\"text-editor.default\">\n\t\t\t\t<div class=\"elementor-widget-container\">\n\t\t\t\t\t\t\t\t\t<ul><li>Type : Chalet de luxe<\/li><li>Surface : 822 m\u00b2 sur 2 niveaux<\/li><li>Localisation : Secteur Mont d\u2019Arbois, skis aux pieds<\/li><li>Prix d\u2019acquisition : 15M \u20ac<\/li><li>ROI : 10% annuel<\/li><\/ul>\t\t\t\t\t\t\t\t<\/div>\n\t\t\t\t<\/div>\n\t\t\t\t<\/div>\n\t\t<div class=\"elementor-element elementor-element-ef5b692 e-con-full e-flex e-con e-child\" data-id=\"ef5b692\" data-element_type=\"container\" data-settings=\"{&quot;background_background&quot;:&quot;slideshow&quot;,&quot;background_slideshow_gallery&quot;:[],&quot;background_slideshow_loop&quot;:&quot;yes&quot;,&quot;background_slideshow_slide_duration&quot;:5000,&quot;background_slideshow_slide_transition&quot;:&quot;fade&quot;,&quot;background_slideshow_transition_duration&quot;:500}\">\n\t\t\t\t<div class=\"elementor-element elementor-element-3feef03 elementor-align-center elementor-widget elementor-widget-button\" data-id=\"3feef03\" data-element_type=\"widget\" data-widget_type=\"button.default\">\n\t\t\t\t<div class=\"elementor-widget-container\">\n\t\t\t\t\t\t\t\t\t<div class=\"elementor-button-wrapper\">\n\t\t\t\t\t<a class=\"elementor-button elementor-button-link elementor-size-md\" href=\"https:\/\/carilloncapital.net\/index.php\/projets\/\">\n\t\t\t\t\t\t<span class=\"elementor-button-content-wrapper\">\n\t\t\t\t\t\t\t\t\t<span class=\"elementor-button-text\">D\u00e9couvrez plus<\/span>\n\t\t\t\t\t<\/span>\n\t\t\t\t\t<\/a>\n\t\t\t\t<\/div>\n\t\t\t\t\t\t\t\t<\/div>\n\t\t\t\t<\/div>\n\t\t\t\t<\/div>\n\t\t\t\t<\/div>\n\t\t<div class=\"elementor-element elementor-element-ea1709e e-con-full e-flex e-con e-child\" data-id=\"ea1709e\" data-element_type=\"container\">\n\t\t\t\t<div class=\"elementor-element elementor-element-dad47ba elementor-widget elementor-widget-wpzoom-elementor-addons-slider\" data-id=\"dad47ba\" data-element_type=\"widget\" data-settings=\"{&quot;autoplay_speed&quot;:2000,&quot;navigation&quot;:&quot;none&quot;,&quot;animation_speed&quot;:200,&quot;autoplay&quot;:&quot;yes&quot;,&quot;slides_to_show&quot;:1,&quot;slides_to_show_tablet&quot;:1,&quot;slides_to_show_mobile&quot;:1}\" data-widget_type=\"wpzoom-elementor-addons-slider.default\">\n\t\t\t\t<div class=\"elementor-widget-container\">\n\t\t\t\t\t<div class=\"wpzjs-slick wpz-slick wpz-slick--slider\">\n\n\t\t\t\n\t\t\t\t<div class=\"wpz-slick-slide\">\n\n\t\t\t\t\t<div class=\"wpz-slick-item\">\n\n\t\t\t\t\t\t\t\t\t\t\t\t\t<img decoding=\"async\" class=\"wpz-slick-img\" src=\"https:\/\/carilloncapital.net\/wp-content\/uploads\/2025\/01\/PRESENTATION-1-600x400.png\" alt=\"\">\n\t\t\t\t\t\t\n\t\t\t\t\t\t\n\t\t\t\t\t\t\n\t\t\t\t\t<\/div>\n\n\t\t\t\t<\/div>\n\n\t\t\t\n\t\t\t\t<div class=\"wpz-slick-slide\">\n\n\t\t\t\t\t<a class=\"wpz-slick-item\" href=\"https:\/\/carilloncapital.net\/index.php\/projets\/\">\n\n\t\t\t\t\t\t\t\t\t\t\t\t\t<img decoding=\"async\" class=\"wpz-slick-img\" src=\"https:\/\/carilloncapital.net\/wp-content\/uploads\/2025\/01\/IMG_0643-600x400.jpeg\" alt=\"\">\n\t\t\t\t\t\t\n\t\t\t\t\t\t\n\t\t\t\t\t\t\n\t\t\t\t\t<\/a>\n\n\t\t\t\t<\/div>\n\n\t\t\t\n\t\t<\/div>\n\n\t\t\n\t\t\n\t\t\t\t\t\t<\/div>\n\t\t\t\t<\/div>\n\t\t\t\t<\/div>\n\t\t\t\t\t<\/div>\n\t\t\t\t<\/div>\n\t\t<div class=\"elementor-element elementor-element-869df3f e-flex e-con-boxed e-con e-parent\" data-id=\"869df3f\" data-element_type=\"container\">\n\t\t\t\t\t<div class=\"e-con-inner\">\n\t\t\t\t<div class=\"elementor-element elementor-element-8f68424 elementor-widget elementor-widget-text-editor\" data-id=\"8f68424\" data-element_type=\"widget\" data-widget_type=\"text-editor.default\">\n\t\t\t\t<div class=\"elementor-widget-container\">\n\t\t\t\t\t\t\t\t\t<p class=\"p1\">Propri\u00e9t\u00e9 rarissime ! Emplacement rarissime ! Domaine de deux chalets connect\u00e9s int\u00e9rieurement et \u00e9difi\u00e9s il y a un peu plus d\u2019une vingtaine d\u2019ann\u00e9es en un lieu tout \u00e0 fait pr\u00e9serv\u00e9 en pleine nature.Magie des lieux qui offre un environnement montagnard sans vis-\u00e0-vis et sans promiscuit\u00e9.Position dominante et totalement d\u00e9gag\u00e9e qui peut \u00eatre appr\u00e9ci\u00e9e en tout point du domaine. La parcelle de terrain repr\u00e9sente une superficie de 20.000 m2 env. compos\u00e9e de for\u00eats, de prairies avec un \u00e9tang en partie basse de la propri\u00e9t\u00e9.<\/p>\t\t\t\t\t\t\t\t<\/div>\n\t\t\t\t<\/div>\n\t\t\t\t\t<\/div>\n\t\t\t\t<\/div>\n\t\t<div class=\"elementor-element elementor-element-13d2958 e-flex e-con-boxed e-con e-parent\" data-id=\"13d2958\" data-element_type=\"container\">\n\t\t\t\t\t<div class=\"e-con-inner\">\n\t\t\t\t<div class=\"elementor-element elementor-element-0897361 elementor-widget-divider--view-line elementor-widget elementor-widget-divider\" data-id=\"0897361\" data-element_type=\"widget\" data-widget_type=\"divider.default\">\n\t\t\t\t<div class=\"elementor-widget-container\">\n\t\t\t\t\t\t\t<div class=\"elementor-divider\">\n\t\t\t<span class=\"elementor-divider-separator\">\n\t\t\t\t\t\t<\/span>\n\t\t<\/div>\n\t\t\t\t\t\t<\/div>\n\t\t\t\t<\/div>\n\t\t\t\t\t<\/div>\n\t\t\t\t<\/div>\n\t\t<div class=\"elementor-element elementor-element-b4132fe e-flex e-con-boxed e-con e-parent\" data-id=\"b4132fe\" data-element_type=\"container\">\n\t\t\t\t\t<div class=\"e-con-inner\">\n\t\t<div class=\"elementor-element elementor-element-b7e2c28 e-con-full e-flex e-con e-child\" data-id=\"b7e2c28\" data-element_type=\"container\">\n\t\t<div class=\"elementor-element elementor-element-b2ebbc5 e-con-full e-flex e-con e-child\" data-id=\"b2ebbc5\" data-element_type=\"container\">\n\t\t\t\t<div class=\"elementor-element elementor-element-06b14c8 elementor-widget elementor-widget-heading\" data-id=\"06b14c8\" data-element_type=\"widget\" data-widget_type=\"heading.default\">\n\t\t\t\t<div class=\"elementor-widget-container\">\n\t\t\t\t\t<h2 class=\"elementor-heading-title elementor-size-default\"><a href=\"https:\/\/carilloncapital.net\/index.php\/projets\/\">Chalet m\u00e9ribel<\/a><\/h2>\t\t\t\t<\/div>\n\t\t\t\t<\/div>\n\t\t\t\t<\/div>\n\t\t<div class=\"elementor-element elementor-element-afbf843 e-con-full e-flex e-con e-child\" data-id=\"afbf843\" data-element_type=\"container\">\n\t\t\t\t<div class=\"elementor-element elementor-element-1335817 elementor-widget elementor-widget-text-editor\" data-id=\"1335817\" data-element_type=\"widget\" data-widget_type=\"text-editor.default\">\n\t\t\t\t<div class=\"elementor-widget-container\">\n\t\t\t\t\t\t\t\t\t<ul><li>Type : Chalet<\/li><li>Surface : 750 m\u00b2 sur 2 niveaux<\/li><li>Localisation : Secteur Mont d\u2019Arbois, skis aux pieds<\/li><li>Prix Prix\u00a0 d\u2019acquisition : 15M \u20ac<\/li><li>ROI : 10% annuel<\/li><\/ul>\t\t\t\t\t\t\t\t<\/div>\n\t\t\t\t<\/div>\n\t\t\t\t<\/div>\n\t\t<div class=\"elementor-element elementor-element-b1e8981 e-con-full e-flex e-con e-child\" data-id=\"b1e8981\" data-element_type=\"container\" data-settings=\"{&quot;background_background&quot;:&quot;slideshow&quot;,&quot;background_slideshow_gallery&quot;:[],&quot;background_slideshow_loop&quot;:&quot;yes&quot;,&quot;background_slideshow_slide_duration&quot;:5000,&quot;background_slideshow_slide_transition&quot;:&quot;fade&quot;,&quot;background_slideshow_transition_duration&quot;:500}\">\n\t\t\t\t<div class=\"elementor-element elementor-element-82a28e4 elementor-align-center elementor-widget elementor-widget-button\" data-id=\"82a28e4\" data-element_type=\"widget\" data-widget_type=\"button.default\">\n\t\t\t\t<div class=\"elementor-widget-container\">\n\t\t\t\t\t\t\t\t\t<div class=\"elementor-button-wrapper\">\n\t\t\t\t\t<a class=\"elementor-button elementor-button-link elementor-size-md\" href=\"https:\/\/carilloncapital.net\/index.php\/chalets-meribel\/\">\n\t\t\t\t\t\t<span class=\"elementor-button-content-wrapper\">\n\t\t\t\t\t\t\t\t\t<span class=\"elementor-button-text\">D\u00e9couvrez plus<\/span>\n\t\t\t\t\t<\/span>\n\t\t\t\t\t<\/a>\n\t\t\t\t<\/div>\n\t\t\t\t\t\t\t\t<\/div>\n\t\t\t\t<\/div>\n\t\t\t\t<\/div>\n\t\t\t\t<\/div>\n\t\t<div class=\"elementor-element elementor-element-70222c8 e-con-full e-flex e-con e-child\" data-id=\"70222c8\" data-element_type=\"container\">\n\t\t\t\t<div class=\"elementor-element elementor-element-702d891 elementor-widget elementor-widget-wpzoom-elementor-addons-slider\" data-id=\"702d891\" data-element_type=\"widget\" data-settings=\"{&quot;autoplay_speed&quot;:2500,&quot;navigation&quot;:&quot;none&quot;,&quot;animation_speed&quot;:300,&quot;autoplay&quot;:&quot;yes&quot;,&quot;loop&quot;:&quot;yes&quot;,&quot;slides_to_show&quot;:1,&quot;slides_to_show_tablet&quot;:1,&quot;slides_to_show_mobile&quot;:1}\" data-widget_type=\"wpzoom-elementor-addons-slider.default\">\n\t\t\t\t<div class=\"elementor-widget-container\">\n\t\t\t\t\t<div class=\"wpzjs-slick wpz-slick wpz-slick--slider\">\n\n\t\t\t\n\t\t\t\t<div class=\"wpz-slick-slide\">\n\n\t\t\t\t\t<a class=\"wpz-slick-item\" href=\"https:\/\/carilloncapital.net\/index.php\/chalets-meribel\/\">\n\n\t\t\t\t\t\t\t\t\t\t\t\t\t<img decoding=\"async\" class=\"wpz-slick-img\" src=\"https:\/\/carilloncapital.net\/wp-content\/uploads\/2025\/01\/1-VISUEL-DE-PRESENTATION.png\" alt=\"\">\n\t\t\t\t\t\t\n\t\t\t\t\t\t\n\t\t\t\t\t\t\n\t\t\t\t\t<\/a>\n\n\t\t\t\t<\/div>\n\n\t\t\t\n\t\t<\/div>\n\n\t\t\n\t\t\n\t\t\t\t\t\t<\/div>\n\t\t\t\t<\/div>\n\t\t\t\t<\/div>\n\t\t\t\t\t<\/div>\n\t\t\t\t<\/div>\n\t\t<div class=\"elementor-element elementor-element-8e5d814 e-flex e-con-boxed e-con e-parent\" data-id=\"8e5d814\" data-element_type=\"container\">\n\t\t\t\t\t<div class=\"e-con-inner\">\n\t\t\t\t<div class=\"elementor-element elementor-element-32b6e65 elementor-widget elementor-widget-text-editor\" data-id=\"32b6e65\" data-element_type=\"widget\" data-widget_type=\"text-editor.default\">\n\t\t\t\t<div class=\"elementor-widget-container\">\n\t\t\t\t\t\t\t\t\t<p class=\"p1\">Carillon Capital vous propose un ensemble de trois chalets de luxe \u00e0 M\u00e9ribel. Le Domaine Himalaya forme un complexe immobilier d\u2019exception, id\u00e9alement situ\u00e9 sur les hauteurs de la station de M\u00e9ribel. Leur emplacement privil\u00e9gi\u00e9, \u00e0 seulement 250 m\u00e8tres des pistes et 150 m\u00e8tres des commerces, en fait une opportunit\u00e9 rare.<\/p>\t\t\t\t\t\t\t\t<\/div>\n\t\t\t\t<\/div>\n\t\t\t\t\t<\/div>\n\t\t\t\t<\/div>\n\t\t<div class=\"elementor-element elementor-element-cb3b88a e-flex e-con-boxed e-con e-parent\" data-id=\"cb3b88a\" data-element_type=\"container\">\n\t\t\t\t\t<div class=\"e-con-inner\">\n\t\t\t\t<div class=\"elementor-element elementor-element-f51a5c1 elementor-widget-divider--view-line elementor-widget elementor-widget-divider\" data-id=\"f51a5c1\" data-element_type=\"widget\" data-widget_type=\"divider.default\">\n\t\t\t\t<div class=\"elementor-widget-container\">\n\t\t\t\t\t\t\t<div class=\"elementor-divider\">\n\t\t\t<span class=\"elementor-divider-separator\">\n\t\t\t\t\t\t<\/span>\n\t\t<\/div>\n\t\t\t\t\t\t<\/div>\n\t\t\t\t<\/div>\n\t\t\t\t\t<\/div>\n\t\t\t\t<\/div>\n\t\t<div class=\"elementor-element elementor-element-96cf6ca e-flex e-con-boxed e-con e-parent\" data-id=\"96cf6ca\" data-element_type=\"container\">\n\t\t\t\t\t<div class=\"e-con-inner\">\n\t\t<div class=\"elementor-element elementor-element-b385238 e-con-full e-flex e-con e-child\" data-id=\"b385238\" data-element_type=\"container\" data-settings=\"{&quot;background_background&quot;:&quot;slideshow&quot;,&quot;background_slideshow_gallery&quot;:[],&quot;background_slideshow_loop&quot;:&quot;yes&quot;,&quot;background_slideshow_slide_duration&quot;:5000,&quot;background_slideshow_slide_transition&quot;:&quot;fade&quot;,&quot;background_slideshow_transition_duration&quot;:500}\">\n\t\t\t\t<div class=\"elementor-element elementor-element-c94fb59 elementor-align-center elementor-widget elementor-widget-button\" data-id=\"c94fb59\" data-element_type=\"widget\" data-widget_type=\"button.default\">\n\t\t\t\t<div class=\"elementor-widget-container\">\n\t\t\t\t\t\t\t\t\t<div class=\"elementor-button-wrapper\">\n\t\t\t\t\t<a class=\"elementor-button elementor-button-link elementor-size-md\" href=\"https:\/\/carilloncapital.net\/index.php\/portfolio-elementor\/#investin\">\n\t\t\t\t\t\t<span class=\"elementor-button-content-wrapper\">\n\t\t\t\t\t\t\t\t\t<span class=\"elementor-button-text\">Retournez sur investissements<\/span>\n\t\t\t\t\t<\/span>\n\t\t\t\t\t<\/a>\n\t\t\t\t<\/div>\n\t\t\t\t\t\t\t\t<\/div>\n\t\t\t\t<\/div>\n\t\t\t\t<\/div>\n\t\t\t\t\t<\/div>\n\t\t\t\t<\/div>\n\t\t<div class=\"elementor-element elementor-element-33f5fc7 e-flex e-con-boxed e-con e-parent\" data-id=\"33f5fc7\" data-element_type=\"container\">\n\t\t\t\t\t<div class=\"e-con-inner\">\n\t\t\t\t<div class=\"elementor-element elementor-element-5b4aa7a elementor-widget-divider--view-line elementor-widget elementor-widget-divider\" data-id=\"5b4aa7a\" data-element_type=\"widget\" data-widget_type=\"divider.default\">\n\t\t\t\t<div class=\"elementor-widget-container\">\n\t\t\t\t\t\t\t<div class=\"elementor-divider\">\n\t\t\t<span class=\"elementor-divider-separator\">\n\t\t\t\t\t\t<\/span>\n\t\t<\/div>\n\t\t\t\t\t\t<\/div>\n\t\t\t\t<\/div>\n\t\t\t\t\t<\/div>\n\t\t\t\t<\/div>\n\t\t<div class=\"elementor-element elementor-element-1bc177a e-flex e-con-boxed e-con e-parent\" data-id=\"1bc177a\" data-element_type=\"container\" data-settings=\"{&quot;background_background&quot;:&quot;classic&quot;}\">\n\t\t\t\t\t<div class=\"e-con-inner\">\n\t\t<div class=\"elementor-element elementor-element-972049a e-con-full e-flex e-con e-child\" data-id=\"972049a\" data-element_type=\"container\">\n\t\t\t\t<div class=\"elementor-element elementor-element-fa0a912 elementor-widget elementor-widget-heading\" data-id=\"fa0a912\" data-element_type=\"widget\" data-widget_type=\"heading.default\">\n\t\t\t\t<div class=\"elementor-widget-container\">\n\t\t\t\t\t<h2 class=\"elementor-heading-title elementor-size-default\">Posez votre question<\/h2>\t\t\t\t<\/div>\n\t\t\t\t<\/div>\n\t\t\t\t<\/div>\n\t\t<div class=\"elementor-element elementor-element-554609a e-con-full e-flex e-con e-child\" data-id=\"554609a\" data-element_type=\"container\">\n\t\t\t\t<div class=\"elementor-element elementor-element-21369a4 elementor-widget elementor-widget-heading\" data-id=\"21369a4\" data-element_type=\"widget\" data-widget_type=\"heading.default\">\n\t\t\t\t<div class=\"elementor-widget-container\">\n\t\t\t\t\t<h2 class=\"elementor-heading-title elementor-size-default\">Notre sp\u00e9cialiste vous r\u00e9pond <\/h2>\t\t\t\t<\/div>\n\t\t\t\t<\/div>\n\t\t\t\t<\/div>\n\t\t<div class=\"elementor-element elementor-element-e303731 e-con-full e-flex e-con e-child\" data-id=\"e303731\" data-element_type=\"container\">\n\t\t\t\t<div class=\"elementor-element elementor-element-ebc4a9e elementor-align-center elementor-widget elementor-widget-button\" data-id=\"ebc4a9e\" data-element_type=\"widget\" data-widget_type=\"button.default\">\n\t\t\t\t<div class=\"elementor-widget-container\">\n\t\t\t\t\t\t\t\t\t<div class=\"elementor-button-wrapper\">\n\t\t\t\t\t<a class=\"elementor-button elementor-button-link elementor-size-md\" href=\"#\">\n\t\t\t\t\t\t<span class=\"elementor-button-content-wrapper\">\n\t\t\t\t\t\t\t\t\t<span class=\"elementor-button-text\">Contactez-nous<\/span>\n\t\t\t\t\t<\/span>\n\t\t\t\t\t<\/a>\n\t\t\t\t<\/div>\n\t\t\t\t\t\t\t\t<\/div>\n\t\t\t\t<\/div>\n\t\t\t\t<\/div>\n\t\t\t\t\t<\/div>\n\t\t\t\t<\/div>\n\t\t<div class=\"elementor-element elementor-element-41ba81a elementor-hidden-tablet elementor-hidden-mobile e-flex e-con-boxed e-con e-parent\" data-id=\"41ba81a\" data-element_type=\"container\" data-settings=\"{&quot;background_background&quot;:&quot;classic&quot;}\">\n\t\t\t\t\t<div class=\"e-con-inner\">\n\t\t\t\t<div class=\"elementor-element elementor-element-1422996 elementor-widget-divider--view-line elementor-widget elementor-widget-divider\" data-id=\"1422996\" data-element_type=\"widget\" data-widget_type=\"divider.default\">\n\t\t\t\t<div class=\"elementor-widget-container\">\n\t\t\t\t\t\t\t<div class=\"elementor-divider\">\n\t\t\t<span class=\"elementor-divider-separator\">\n\t\t\t\t\t\t<\/span>\n\t\t<\/div>\n\t\t\t\t\t\t<\/div>\n\t\t\t\t<\/div>\n\t\t\t\t\t<\/div>\n\t\t\t\t<\/div>\n\t\t\t\t<\/div>\n\t\t","protected":false},"excerpt":{"rendered":"<p>Nos D\u00e9veloppements D\u00e9couvrez nos projets de d\u00e9veloppement de villas et chalets d\u2019exception, alliant luxe, design et innovation. Chalet Meg\u00e8ve Type : Chalet de luxe Surface : 822 m\u00b2 sur 2 niveaux Localisation : Secteur Mont d\u2019Arbois, skis aux pieds Prix d\u2019acquisition : 15M \u20ac ROI : 10% annuel D\u00e9couvrez plus Propri\u00e9t\u00e9 rarissime ! Emplacement rarissime ! Domaine de deux chalets connect\u00e9s int\u00e9rieurement et \u00e9difi\u00e9s il y a un peu plus d\u2019une vingtaine d\u2019ann\u00e9es en un [&hellip;]<\/p>\n","protected":false},"author":1,"featured_media":0,"parent":0,"menu_order":0,"comment_status":"closed","ping_status":"closed","template":"page-templates\/full-width-builder-bb.php","meta":{"inspiro_page_layout":"narrow","inspiro_hide_title":false,"footnotes":""},"class_list":["post-9249","page","type-page","status-publish","hentry"],"featured_media_urls":[],"_links":{"self":[{"href":"https:\/\/carilloncapital.net\/index.php\/wp-json\/wp\/v2\/pages\/9249","targetHints":{"allow":["GET"]}}],"collection":[{"href":"https:\/\/carilloncapital.net\/index.php\/wp-json\/wp\/v2\/pages"}],"about":[{"href":"https:\/\/carilloncapital.net\/index.php\/wp-json\/wp\/v2\/types\/page"}],"author":[{"embeddable":true,"href":"https:\/\/carilloncapital.net\/index.php\/wp-json\/wp\/v2\/users\/1"}],"replies":[{"embeddable":true,"href":"https:\/\/carilloncapital.net\/index.php\/wp-json\/wp\/v2\/comments?post=9249"}],"version-history":[{"count":388,"href":"https:\/\/carilloncapital.net\/index.php\/wp-json\/wp\/v2\/pages\/9249\/revisions"}],"predecessor-version":[{"id":15067,"href":"https:\/\/carilloncapital.net\/index.php\/wp-json\/wp\/v2\/pages\/9249\/revisions\/15067"}],"wp:attachment":[{"href":"https:\/\/carilloncapital.net\/index.php\/wp-json\/wp\/v2\/media?parent=9249"}],"curies":[{"name":"wp","href":"https:\/\/api.w.org\/{rel}","templated":true}]}}